1?
1be3
In base 5, what is -3 + 204302410?
204302402
In base 6, what is -211 + -2451?
-3102
In base 13, what is 7 + -a45?
-a3b
In base 2, what is -1100 + -1001110101?
-1010000001
In base 16, what is 372 - -14b?
4bd
In base 12, what is -51 + 8129?
8098
In base 7, what is 11030 + -2?
11025
In base 13, what is 1 + 104c4?
104c5
In base 8, what is -40753 + 32?
-40721
In base 7, what is -316554 + 13?
-316541
In base 10, what is 5865 - -78?
5943
In base 7, what is -340336 - 21?
-340360
In base 8, what is 4 - 116400?
-116374
In base 10, what is -8 - -26663?
26655
In base 13, what is 86 - -2294?
234a
In base 5, what is 11 - 241240?
-241224
In base 8, what is 134770 - 32?
134736
In base 6, what is 2 + -130034?
-130032
In base 8, what is -160125 - -2?
-160123
In base 8, what is -43 - -2125?
2062
In base 11, what is -a147 + -20?
-a167
In base 5, what is -43 - 112204?
-112302
In base 4, what is 12310 - -110211?
123121
In base 7, what is 45 + -120?
-42
In base 7, what is -662231 - 2?
-662233
In base 14, what is b + -488d?
-4882
In base 16, what is -2 + -24ba?
-24bc
In base 12, what is 18 - 17b?
-163
In base 10, what is -1424536 - -5?
-1424531
In base 8, what is -17 + 7717?
7700
In base 15, what is -765 - -68?
-6ec
In base 9, what is 5 + -68114?
-68108
In base 3, what is 1022011121 + -2?
1022011112
In base 14, what is -11a2 + -34?
-11d6
In base 12, what is 8 - -145524?
145530
In base 7, what is -21552121 - 2?
-21552123
In base 11, what is -68 + 42?
-26
In base 13, what is -237 - a1b?
-c55
In base 9, what is 108 - 317?
-208
In base 3, what is 10122002202012 + -2?
10122002202010
In base 8, what is 6 + -161610?
-161602
In base 12, what is -4 - 5674?
-5678
In base 2, what is -10000 - 10011001011110?
-10011001101110
In base 12, what is 1 - 204429?
-204428
In base 16, what is -29cc - 1?
-29cd
In base 9, what is 3374 - -115?
3500
In base 6, what is 5 + 13011320?
13011325
In base 8, what is -1044746 - -3?
-1044743
In base 3, what is 211100002 + 12?
211100021
In base 4, what is -1101322200 - 3?
-1101322203
In base 6, what is -2 + -20510511?
-20510513
In base 14, what is -6 + 275568?
275562
In base 3, what is -221122210 + 1?
-221122202
In base 3, what is 1100200 + 122212?
2000112
In base 5, what is 22 + -241411?
-241334
In base 15, what is -568 - -1b?
-54c
In base 5, what is 2424341 + -10?
2424331
In base 10, what is -6 + -2208?
-2214
In base 5, what is -4210320 + 10?
-4210310
In base 9, what is -6 + 28234?
28227
In base 10, what is -3716 - 2?
-3718
In base 12, what is -15b04 + 1?
-15b03
In base 12, what is -8b2a4 + -2?
-8b2a6
In base 11, what is 5985 - -7?
5991
In base 16, what is 2 - 262c3?
-262c1
In base 7, what is -1 + -54526?
-54530
In base 11, what is 192 - 7a8?
-616
In base 8, what is 146 - 20312?
-20144
In base 2, what is 11100011100000 - -1001?
11100011101001
In base 15, what is 64 - -25?
89
In base 9, what is -8616762 + 5?
-8616756
In base 15, what is -5dad5 - 5?
-5dada
In base 7, what is 2 - 232623?
-232621
In base 10, what is 99618 - 5?
99613
In base 15, what is -1a2 + 5e5?
443
In base 6, what is 235 + -30002?
-25323
In base 11, what is -3 - -41a952?
41a94a
In base 10, what is -1 + -26354?
-26355
In base 16, what is 12ba - -93?
134d
In base 8, what is 157 - -217?
376
In base 12, what is -1448 - 5b1?
-1a39
In base 12, what is 6b29 + 7?
6b34
In base 13, what is 59 - 34a?
-2c1
In base 5, what is -343211220 - -10?
-343211210
In base 8, what is -63 - -44442?
44357
In base 16, what is 1cbd0 - 5?
1cbcb
In base 3, what is 1001111022 - -1?
1001111100
In base 15, what is a - b6d5?
-b6ca
In base 5, what is 3 + -10403110?
-10403102
In base 9, what is 152134 - 0?
152134
In base 8, what is -763264 + -2?
-763266
In base 3, what is 1012101001 + 10?
1012101011
In base 4, what is 20201 + -3302?
10233
In base 10, what is -8 + -493463?
-493471
In base 7, what is 0 - 2005265?
-2005265
In base 5, what is -414 - -4333?
3414
In base 14, what is -6 - 12d3?
-12d9
In base 11, what is 3 - 33167?
-33164
In base 7, what is 6 + -14210?
-14201
In base 2, what is 11111001 - -11?
11111100
In base 14, what is 101 - 1d?
c2
In base 13, what is 92 + 2b55?
2c17
In base 6, what is -45 - 221551?
-222040
In base 12, what is -27b + 1337?
1078
In base 8, what is -27567 + -14?
-27603
In base 11, what is -214 - 153?
-367
In base 7, what is -4051 + 102?
-3646
In base 11, what is 180a049 - 2?
180a047
In base 4, what is 202 - -22020?
22222
In base 12, what is -6 - 7319?
-7323
In base 8, what is -31322 + -6?
-31330
In base 12, what is 3b65 - -5?
3b6a
In base 6, what is -3014542 - 25?
-3015011
In base 10, what is -1854 - 590?
-2444
In base 9, what is -157883 + 3?
-157880
In base 11, what is 576 - -959?
1424
In base 10, what is 1409023 - 2?
1409021
In base 5, what is 102412 + -443?
101414
In base 16, what is -15 + 4d9?
4c4
In base 4, what is 2230 + -2103?
121
In base 8, what is 2614 + -163?
2431
In base 6, what is -24122 + -22?
-24144
In base 3, what is -10 + 102110101?
102110021
In base 5, what is -23132 - 13424?
-42111
In base 4, what is -2001 - 232?
-2233
In base 12, what is 2a0 - -134?
414
In base 2, what is 1101000010 + -100000?
1100100010
In base 10, what is 1 + 11512?
11513
In base 16, what is 1ee - 8f8?
-70a
In base 3, what is 100022 - -12120100?
12220122
In base 13, what is 0 + -88b06?
-88b06
In base 7, what is 1 + -362351?
-362350
In base 12, what is 1383 + -34?
134b
In base 13, what is -75a63 - b?
-75a71
In base 6, what is -5401314 + 3?
-5401311
In base 16, what is -2731c + 11?
-2730b
In base 12, what is -29 - 8918?
-8945
In base 10, what is 69 + -3866?
-3797
In base 5, what is 4 - 101431003?
-101430444
In base 15, what is 179 - -cb?
255
In base 10, what is 8639 + 291?
8930
In base 12, what is -4 - 70988?
-70990
In base 12, what is -203a49 + -5?
-203a52
In base 9, what is 82012 - 4?
82007
In base 4, what is 31301 - -20202?
112103
In base 9, what is 3 + -227184?
-227181
In base 11, what is 4 + 286a1?
286a5
In base 10, what is 234291 - -2?
234293
In base 8, what is 6 - -15770?
15776
In base 15, what is -30d18 + 1?
-30d17
In base 11, what is -47 - -1a9?
162
In base 3, what is -12 + -10212202012?
-10212202101
In base 2, what is 0 - 10010000011111?
-10010000011111
In base 11, what is 3 - -877a5?
877a8
In base 14, what is a3d - 5?
a38
In base 13, what is -58 + 76a?
712
In base 7, what is -1653 + -26?
-2012
In base 3, what is 2 - 111201200?
-111201121
In base 12, what is -4423 + -a?
-4431
In base 10, what is -61 - 3428?
-3489
In base 10, what is -303287 - 0?
-303287
In base 8, what is -45 - -110541?
110474
In base 8, what is -2034 + 23?
-2011
In base 9, what is -27 + 2052?
2024
In base 11, what is 1 - 8500a?
-85009
In base 4, what is 103302 + 13322?
123230
In base 16, what is 0 - -155bee?
155bee
In base 10, what is 4 - 14152?
-14148
In base 15, what is -3 + 27d6e?
27d6b
In base 5, what is -10 + 3440030?
3440020
In base 15, what is -18 + 8d22?
8d09
In base 14, what is 1 - 97983?
-97982
In base 9, what is -2 + -324400?
-324402
In base 8, what is 3075305 - -4?
3075311
In base 6, what is -2 - 33524354?
-33524400
In base 11, what is 9 + -54385?
-54377
In base 11, what is 8083 + 0?
8083
In base 14, what is -95995 - -5?
-95990
In base 5, what is -1 - -202403423?
202403422
In base 11, what is 1a4 + -81?
123
In base 15, what is -2331b - 0?
-2331b
In base 15, what is -51ae - -18?
-5196
In base 9, what is -4 - 132088?
-132103
In base 15, what is 2 - 2b15?
-2b13
In base 8, what is -101345 + -14?
-101361
In base 5, what is -11 + 10320002?
10314441
In base 7, what is -63 + -130?
-223
In base 13, what is 0 + -1126b?
-1126b
In base 5, what is -3400214 - 0?
-3400214
In base 12, what is -7a778a - 4?
-7a7792
In base 8, what is -1272740 - -5?
-1272733
In base 14, what is -4 + -c4b9?
-c4bd
In base 11, what is -3767 - -6?
-3761
In base 2, what is 10010010110100101111 - -101?
10010010110100110100
In base 4, what is 130122 - 31?
130031
In base 13, what is -203b - 2?
-2040
In base 7, what is -1644 + -315?
-2262
In base 7, what is -4 + -21046?
-21053
In base 14, what is -1b9 + 154?
-65
In base 9, what is -72607 + -5?
-72613
In base 12, what is 7b4a + 1?
7b4b
In base 12, what is 2b34a - 5?
2b345
In base 8, what is -325623 - 4?
-325627
In base 6, what is 3453111 + -5?
3453102
In base 5, what is -4004 - -100?
-3404
In base 2, 